12.
-a3359b
Convert -23500000 (base 7) to base 10.
-2084068
What is -13200303101 (base 4) in base 15?
-28d7ab
Convert -61333066 (base 7) to base 10.
-5117608
-828 (base 10) to base 16
-33c
What is -276a66 (base 15) in base 14?
-374c09
1253ae (base 15) to base 2
11010110011100000011
What is 64691 (base 10) in base 9?
107658
Convert -201121112002 (base 3) to base 14.
-a096d
What is -1101100000000101 (base 2) in base 7?
-320141
What is 314799 (base 12) in base 9?
1411420
What is 454444323 (base 6) in base 3?
120200211010120
What is -503144 (base 7) in base 13?
-2c9a8
Convert 77348 (base 13) to base 7.
1556240
4556245 (base 7) to base 5
121200300
4d8426 (base 15) to base 11
2113626
What is 157198 (base 13) in base 7?
4334344
Convert -200000300101 (base 4) to base 12.
-2988381
99491 (base 11) to base 12
6b638
Convert 133220111122 (base 4) to base 13.
1944121
What is -53325553 (base 6) in base 16?
-17e88d
What is 22353102 (base 6) in base 14?
13b222
What is -441333325 (base 6) in base 16?
-78bd95
-1e0035 (base 15) to base 7
-15323252
-121141364 (base 7) to base 16
-734d83
e4c37 (base 15) to base 5
141200002
-75851 (base 11) to base 12
-53906
-31533442 (base 7) to base 15
-37e481
Convert 460467 (base 8) to base 12.
76307
What is 353330234 (base 6) in base 3?
110102121110111
-102000012101 (base 3) to base 9
-360171
What is 33234111 (base 5) in base 16?
46c72
Convert -a6252 (base 15) to base 11.
-32aa66
66103424 (base 8) to base 6
1224052032
45314042 (base 6) to base 8
5204352
14803c1 (base 15) to base 6
1245535501
-3b8083 (base 12) to base 3
-1212012222200
What is 139b02 (base 15) in base 4?
3212133212
What is 202762 (base 15) in base 6?
52422115
Convert 102111210001011 (base 3) to base 16.
5d56ce
43517 (base 14) to base 4
213301101
What is 27c7633 (base 13) in base 2?
110000000111000011111100
What is 1000011111000111111001011 (base 2) in base 6?
1433241455
-38515a (base 11) to base 7
-5106015
Convert -15220 (base 14) to base 15.
-1088b
2563072 (base 9) to base 7
14616614
-1242613 (base 8) to base 13
-c1338
What is 11301121301 (base 5) in base 14?
1a0117c
-132020 (base 10) to base 2
-100000001110110100
90f23 (base 16) to base 4
2100330203
Convert 3308194 (base 11) to base 15.
79b173
Convert -1001111000100010001000 (base 2) to base 6.
-131310412
-5ab06 (base 12) to base 9
-206086
Convert 2721d (base 15) to base 9.
210851
What is -2322545 (base 9) in base 10?
-1255055
What is -17bba (base 16) in base 4?
-113232322
-12b4d4 (base 14) to base 8
-2355262
What is 75045c (base 13) in base 8?
12354521
What is -1335527 (base 9) in base 12?
-2b398a
What is 1111110011110011100101 (base 2) in base 13?
b214a9
Convert 7116437 (base 8) to base 3.
10112021100000
What is 1157c7 (base 13) in base 6?
12500133
Convert -472178 (base 10) to base 7.
-4004420
2272423 (base 8) to base 15
c399a
What is -30212210 (base 5) in base 4?
-322332103
55192 (base 10) to base 12
27b34
What is 25411465 (base 7) in base 5?
1042234141
Convert -2314712 (base 8) to base 11.
-39a7a5
6755704 (base 8) to base 13
4bc01c
100111111001000100 (base 2) to base 8
477104
Convert 1323120321 (base 4) to base 2.
1111011011000111001
-122210022110 (base 3) to base 10
-350148
Convert bb7148 (base 13) to base 6.
234335110
Convert -1262241 (base 7) to base 9.
-273330
Convert -2203410011 (base 5) to base 13.
-ca2b9a
2200442313 (base 5) to base 7
54654612
-13455544 (base 7) to base 12
-507a17
32846 (base 9) to base 11
15447
273427 (base 9) to base 10
166561
What is -11220001201 (base 3) in base 10?
-96274
471139 (base 10) to base 12
1a8797
-610761 (base 11) to base 5
-222404421
10a0120 (base 12) to base 8
14135250
14782486 (base 9) to base 3
111212202112220
What is -3aa544 (base 11) in base 12?
-2704b2
What is 610860 (base 12) in base 11?
94522a
Convert 17414 (base 10) to base 6.
212342
Convert -22d67 (base 16) to base 9.
-236660
Convert 44124000 (base 6) to base 12.
536600
What is -1020212101 (base 3) in base 13?
-b311
Convert 12002211112202 (base 3) to base 9.
5084482
-64386 (base 10) to base 9
-107280
-21432034 (base 5) to base 10
-186519
Convert -321032031 (base 4) to base 5.
-30000011
What is -aa641a (base 12) in base 8?
-12246326
What is -460c9 (base 14) in base 13?
-5c695
Convert -661176 (base 8) to base 7.
-1612466
-30132313 (base 4) to base 8
-143667
What is -433422 (base 8) in base 11?
-9a083
What is -10112204 (base 5) in base 11?
-56819
What is -2add0f (base 16) in base 12?
-b3577b
Convert 9bb71 (base 14) to base 13.
1031a0
What is -9344543 (base 10) in base 14?
-1353635
What is 266197 (base 10) in base 9?
445134
What is -2201520 (base 6) in base 5?
-11444042
-1500113 (base 7) to base 3
-101020201222
102111200102 (base 3) to base 7
1632212
What is -101011210001 (base 3) in base 6?
-4143214
What is 159565 (base 12) in base 9?
621875
-21341021 (base 5) to base 4
-230321032
-733637 (base 10) to base 8
-2630705
2b542c (base 13) to base 9
2007573
-4ac7aa (base 13) to base 12
-728945
Convert 1a2087 (base 15) to base 13.
35727a
Convert -200032212123 (base 4) to base 14.
-119cc1d
What is a85565 (base 11) in base 9?
3233833
What is -53165 (base 8) in base 12?
-10985
Convert -1519a50 (base 11) to base 5.
-1131322301
-1133000443 (base 5) to base 2
-1010000000111001100011
What is -1010323 (base 4) in base 6?
-32231
-114244215 (base 7) to base 4
-123012102120
What is -31323003 (base 4) in base 6?
-1120003
What is 10000020121 (base 3) in base 9?
100217
103022201222 (base 4) to base 8
23124152
Convert 2b59 (base 16) to base 8.
25531
Convert -57371 (base 11) to base 10.
-82963
-42794 (base 12) to base 4
-111113200
-938cec (base 16) to base 3
-200012021120021
-41043510 (base 7) to base 10
-3422706
What is -101100101100101111000101 (base 2) in base 13?
-257359a
What is -55549c (base 16) in base 3?
-101112010002021
What is 1101011101110000 (base 2) in base 5?
3231102
What is -10606032 (base 7) in base 2?
-11100010001100000010
-13553343 (base 7) to base 6
-43144533
Convert 12320414 (base 5) to base 12.
59611
135433311 (base 7) to base 16
87cada
-8619c (base 13) to base 7
-2025306
60113 (base 11) to base 4
111132231
401300144 (base 6) to base 4
121321112200
What is 149351 (base 11) in base 5?
24411023
What is -17169043 (base 10) in base 5?
-13343402133
-193c60 (base 15) to base 9
-2271340
-222011000121101 (base 3) to base 8
-65005700
What is -2c0ac (base 16) in base 12?
-88490
20332023010 (base 4) to base 3
11102111002011
What is 21633665 (base 7) in base 8?
7114346
What is 5a20 (base 15) in base 7?
106563
Convert 212188 (base 9) to base 2.
11110110101000110
What is 5b771 (base 14) in base 15?
4645a
Convert 101001110000100110001 (base 2) to base 16.
14e131
Convert -366083 (base 9) to base 15.
-4570c
What is -a5bdeb (base 16) in base 7?
-161216545
21817743 (base 9) to base 10
10582041
324000 (base 5) to base 6
123301
-30103231 (base 6) to base 16
-cf1c3
Convert -1442774 (base 9) to base 4.
-3002111011
-2335340 (base 6) to base 16
-1db8c
What is -112121010220021 (base 3) in base 11?
-4419727
What is -104043032 (base 5) in base 8?
-1572521
What is -82670 (base 11) in base 8?
-353421
11030041 (base 6) to base 11
20634a
What is -23224323 (base 5) in base 15?
-428ad
What is -201010203 (base 4) in base 11?
-92855
What is 111111111100101111 (base 2) in base 6?
5340355
Convert -1c2471 (base 14) to base 15.
-14cc77
Convert 946a33 (base 11) to base 10.
1517255
-20000202200211 (base 3) to base 10
-3203734
What is -374246 (base 9) in base 15?
-47049
What is 32313a (base 11) in base 16?
7e1f0
Convert 48ae97 (base 15) to base 9.
6483027
What is 58ab8b (base 12) in base 7?
15101144
-2376f4 (base 16) to base 10
-2324212
Convert 772676 (base 9) to base 11.
295629
What is 400234 (base 8) in base 12?
63b38
What is 402285 (base 9) in base 10?
237893
What is 2110130040 (base 5) in base 15?
5b7bb5
306765 (base 8) to base 12
4ab59
1507247 (base 11) to base 12
a48936
Convert 608886 (base 14) to base 9.
6103857
Convert 1b20828 (base 13) to base 5.
4244011130
What is -3e4ac (base 15) in base 5?
-22401222
What is -2321430 (base 6) in base 16?
-1d33a
533079 (base 12) to base 15
1ad980
What is -4113303 (base 5) in base 11?
-4612a
222c64a (base 13) to base 4
213332301332
Convert 1022222222000 (base 3) to base 9.
1288860
Convert -101201020211 (base 